t of 29827?
9
What is the ten thousands digit of 124840?
2
What is the ten thousands digit of 3525286?
2
What is the hundred thousands digit of 7930899?
9
What is the hundred thousands digit of 108139?
1
What is the hundreds digit of 15231454?
4
What is the hundred thousands digit of 1526616?
5
What is the millions digit of 8425322?
8
What is the hundreds digit of 96988?
9
What is the hundreds digit of 256652?
6
What is the hundreds digit of 9566564?
5
What is the ten thousands digit of 13718277?
1
What is the ten thousands digit of 1084696?
8
What is the thousands digit of 27356?
7
What is the hundreds digit of 115635?
6
What is the millions digit of 1719406?
1
What is the millions digit of 1670510?
1
What is the ten thousands digit of 844774?
4
What is the tens digit of 12673546?
4
What is the tens digit of 5563191?
9
What is the tens digit of 40150?
5
What is the tens digit of 222181?
8
What is the tens digit of 448712?
1
What is the thousands digit of 16177932?
7
What is the tens digit of 108833?
3
What is the thousands digit of 1343294?
3
What is the ten thousands digit of 161607?
6
What is the hundreds digit of 670886?
8
What is the ten thousands digit of 364573?
6
What is the hundred thousands digit of 1357211?
3
What is the ten thousands digit of 547517?
4
What is the millions digit of 1494957?
1
What is the hundred thousands digit of 2008272?
0
What is the thousands digit of 71158?
1
What is the millions digit of 3878753?
3
What is the hundreds digit of 1149261?
2
What is the hundred thousands digit of 2801586?
8
What is the tens digit of 7111271?
7
What is the ten millions digit of 16675354?
1
What is the ten thousands digit of 263896?
6
What is the millions digit of 3488306?
3
What is the units digit of 379568?
8
What is the thousands digit of 2606397?
6
What is the millions digit of 2805741?
2
What is the units digit of 4187202?
2
What is the units digit of 598815?
5
What is the hundred thousands digit of 521896?
5
What is the units digit of 307340?
0
What is the tens digit of 10251171?
7
What is the tens digit of 375761?
6
What is the thousands digit of 5413399?
3
What is the ten thousands digit of 409840?
0
What is the hundreds digit of 514859?
8
What is the hundreds digit of 121350?
3
What is the units digit of 241578?
8
What is the hundred thousands digit of 8513081?
5
What is the ten thousands digit of 51092?
5
What is the thousands digit of 613243?
3
What is the ten thousands digit of 194509?
9
What is the ten thousands digit of 21664312?
6
What is the ten thousands digit of 277589?
7
What is the hundreds digit of 4029670?
6
What is the tens digit of 6263785?
8
What is the millions digit of 1843581?
1
What is the ten thousands digit of 737605?
3
What is the ten millions digit of 10678799?
1
What is the ten thousands digit of 212170?
1
What is the tens digit of 2041652?
5
What is the thousands digit of 299020?
9
What is the ten thousands digit of 953277?
5
What is the ten millions digit of 21057507?
2
What is the ten thousands digit of 67128?
6
What is the tens digit of 662853?
5
What is the hundred thousands digit of 11076762?
0
What is the hundred thousands digit of 32196455?
1
What is the thousands digit of 391458?
1
What is the ten thousands digit of 730836?
3
What is the tens digit of 17631793?
9
What is the hundred thousands digit of 1812571?
8
What is the tens digit of 75021?
2
What is the ten thousands digit of 1734073?
3
What is the ten thousands digit of 3589362?
8
What is the ten millions digit of 31364811?
3
What is the thousands digit of 2841033?
1
What is the thousands digit of 2856166?
6
What is the units digit of 5012663?
3
What is the units digit of 496238?
8
What is the tens digit of 2134636?
3
What is the millions digit of 2808431?
2
What is the units digit of 122396?
6
What is the units digit of 2227886?
6
What is the thousands digit of 1715746?
5
What is the tens digit of 1252721?
2
What is the hundreds digit of 20961792?
7
What is the units digit of 8445118?
8
What is the thousands digit of 311538?
1
What is the millions digit of 6955088?
6
What is the thousands digit of 18639580?
9
What is the hundreds digit of 232803?
8
What is the thousands digit of 788214?
8
What is the hundred thousands digit of 227064?
2
What is the thousands digit of 181048?
1
What is the hundreds digit of 11354150?
1
What is the hundreds digit of 64108?
1
What is the hundreds digit of 10213015?
0
What is the millions digit of 7800524?
7
What is the hundred thousands digit of 5577846?
5
What is the tens digit of 2152970?
7
What is the millions digit of 7548757?
7
What is the thousands digit of 531596?
1
What is the thousands digit of 8532776?
2
What is the hundred thousands digit of 2441353?
4
What is the hundred thousands digit of 9595691?
5
What is the ten thousands digit of 410553?
1
What is the hundreds digit of 4491253?
2
What is the tens digit of 61114?
1
What is the thousands digit of 2361107?
1
What is the tens digit of 193928?
2
What is the tens digit of 57643?
4
What is the hundreds digit of 221762?
7
What is the thousands digit of 135290?
5
What is the tens digit of 525507?
0
What is the hundred thousands digit of 468432?
4
What is the hundred thousands digit of 4695378?
6
What is the hundred thousands digit of 5792030?
7
What is the tens digit of 11?
1
What is the ten thousands digit of 159192?
5
What is the ten thousands digit of 462416?
6
What is the millions digit of 22856270?
2
What is the thousands digit of 52743?
2
What is the thousands digit of 542558?
2
What is the hundred thousands digit of 1203350?
2
What is the hundred thousands digit of 316074?
3
What is the ten thousands digit of 703207?
0
What is the tens digit of 94023?
2
What is the hundreds digit of 7590022?
0
What is the thousands digit of 239895?
9
What is the tens digit of 4114762?
6
What is the hundred thousands digit of 572473?
5
What is the thousands digit of 94716?
4
What is the units digit of 961796?
6
What is the hundreds digit of 306199?
1
What is the thousands digit of 143386?
3
What is the thousands digit of 518702?
8
What is the ten thousands digit of 4062818?
6
What is the thousands digit of 420737?
0
What is the thousands digit of 1322811?
2
What is the thousands digit of 266854?
6
What is the hundreds digit of 36556156?
1
What is the ten thousands digit of 251945?
5
What is the thousands digit of 11348612?
8
What is the thousands digit of 469797?
9
What is the thousands digit of 325180?
5
What is the ten thousands digit of 633649?
3
What is the hundred thousands digit of 651355?
6
What is the millions digit of 11392591?
1
What is the hundreds digit of 11943?
9
What is the tens digit of 4928054?
5
What is the hundreds digit of 105346?
3
What is the millions digit of 1202970?
1
What is the ten thousands digit of 3600245?
0
What is the ten thousands digit of 6754036?
5
What is the units digit of 12923436?
6
What is the thousands digit of 628608?
8
What is the ten thousands digit of 2041260?
4
What is the ten thousands digit of 305700?
0
What is the tens digit of 31133?
3
What is the hundreds digit of 10631251?
2
What is the hundred thousands digit of 8017901?
0
What is the ten thousands digit of 97167?
9
What is the hundreds digit of 125350?
3
What is the hundreds digit of 1667556?
5
What is the tens digit of 858?
5
What is the hundred thousands digit of 340173?
3
What is the units digit of 1810340?
0
What is the thousands digit of 2557039?
7
What is the ten thousands digit of 112258?
1
What is the tens digit of 505915?
1
What is the tens digit of 1808400?
0
What is the ten millions digit of 30589596?
3
What is the thousands digit of 782182?
2
What is the millions digit of 4777903?
4
What is the thousands digit of 15080319?
0
What is the tens digit of 551096?
9
What is the ten millions digit of 14095850?
1
What is the thousands digit of 10701824?
1
What is the units digit of 1337191?
1
What is the hundreds digit of 551313?
3
What is the thousands digit of 537954?
7
What is the units digit of 1268581?
1
What is the thousands digit of 8015785?
5
What is the thousands digit of 881951?
1
What is the thousands digit of 147748?
7
What is the millions digit of 3268349?
3
What is the millions digit of 5310275?
5
What is the thousands digit of 